{"id":26,"date":"2014-07-10T15:10:47","date_gmt":"2014-07-10T13:10:47","guid":{"rendered":"http:\/\/meine-astroecke.de\/?page_id=26"},"modified":"2022-08-31T00:25:20","modified_gmt":"2022-08-30T22:25:20","slug":"startseite","status":"publish","type":"page","link":"https:\/\/meine-astroecke.de\/","title":{"rendered":"Willkommen in meiner Astroecke! &#8211; sch\u00f6n das Sie hier sind!"},"content":{"rendered":"<p>Meine Name ist Stefan Kranz, 36 Jahre jung und bin leidenschaftlicher Hobby-Fotograf. Auf dieser Seite zeige ich ein paar meiner &#8222;Werke&#8220; aus den Bereichen Astrofotographie, Landschafts- und Tierfotografie.<\/p>\n<p>Ich bin mir sicher, dass Sie staunen werden und jetzt w\u00fcnsche ich Ihnen viel Freude bei der Besichtigung der Bildergalerien.<\/p>\n<p>Es gr\u00fc\u00dft Sie herzlich<br \/>\n<a href=\"https:\/\/meine-astroecke.de\/wp-content\/uploads\/2020\/06\/Signature.jpg\"><img loading=\"lazy\" decoding=\"async\" class=\"size-full wp-image-2516 alignleft\" src=\"https:\/\/meine-astroecke.de\/wp-content\/uploads\/2020\/06\/Signature.jpg\" alt=\"\" width=\"212\" height=\"69\"><\/a><\/p>\n<p>&nbsp;<\/p>\n<p>&nbsp;<\/p>\n<p>Online seit: 07. Juli 2014<\/p>\n<p>&nbsp;<\/p>\n","protected":false},"excerpt":{"rendered":"<p>Meine Name ist Stefan Kranz, 36 Jahre jung und bin leidenschaftlicher Hobby-Fotograf. Auf dieser Seite zeige ich ein paar meiner &#8222;Werke&#8220; aus den Bereichen Astrofotographie, Landschafts- und Tierfotografie. Ich bin mir sicher, dass Sie staunen werden und jetzt w\u00fcnsche ich Ihnen viel Freude bei der Besichtigung der Bildergalerien. Es gr\u00fc\u00dft Sie herzlich &nbsp; &nbsp; Online &hellip; <\/p>\n<p><a class=\"more-link btn\" href=\"https:\/\/meine-astroecke.de\/\">Weiterlesen<\/a><\/p>\n","protected":false},"author":1,"featured_media":0,"parent":0,"menu_order":0,"comment_status":"closed","ping_status":"open","template":"","meta":{"ngg_post_thumbnail":0,"footnotes":""},"class_list":["post-26","page","type-page","status-publish","hentry","nodate","item-wrap"],"_links":{"self":[{"href":"https:\/\/meine-astroecke.de\/index.php?rest_route=\/wp\/v2\/pages\/26","targetHints":{"allow":["GET"]}}],"collection":[{"href":"https:\/\/meine-astroecke.de\/index.php?rest_route=\/wp\/v2\/pages"}],"about":[{"href":"https:\/\/meine-astroecke.de\/index.php?rest_route=\/wp\/v2\/types\/page"}],"author":[{"embeddable":true,"href":"https:\/\/meine-astroecke.de\/index.php?rest_route=\/wp\/v2\/users\/1"}],"replies":[{"embeddable":true,"href":"https:\/\/meine-astroecke.de\/index.php?rest_route=%2Fwp%2Fv2%2Fcomments&post=26"}],"version-history":[{"count":26,"href":"https:\/\/meine-astroecke.de\/index.php?rest_route=\/wp\/v2\/pages\/26\/revisions"}],"predecessor-version":[{"id":2523,"href":"https:\/\/meine-astroecke.de\/index.php?rest_route=\/wp\/v2\/pages\/26\/revisions\/2523"}],"wp:attachment":[{"href":"https:\/\/meine-astroecke.de\/index.php?rest_route=%2Fwp%2Fv2%2Fmedia&parent=26"}],"curies":[{"name":"wp","href":"https:\/\/api.w.org\/{rel}","templated":true}]}}